1749385833 and 221.
221
What is the greatest common factor of 44 and 3847019?
11
What is the greatest common divisor of 57831 and 1509378?
111
Calculate the highest common divisor of 1169115 and 14760.
615
What is the greatest common factor of 609263 and 527?
17
Calculate the highest common divisor of 1430 and 5060330.
110
What is the greatest common factor of 603833398 and 2116?
1058
Calculate the highest common factor of 3109172 and 132.
44
Calculate the greatest common factor of 197182 and 210577.
19
Calculate the highest common divisor of 308538852 and 12.
12
Calculate the highest common factor of 574402 and 25622.
46
What is the highest common factor of 260370440 and 880?
440
What is the greatest common divisor of 127400 and 4109000?
1400
Calculate the greatest common factor of 137712764 and 56.
28
Calculate the greatest common divisor of 453306 and 3366384.
1806
Calculate the greatest common factor of 1763678 and 2444337.
3353
What is the greatest common factor of 2123 and 514345?
193
What is the greatest common factor of 1050 and 33981850?
350
What is the highest common factor of 183040764 and 12?
12
Calculate the greatest common divisor of 414573252 and 3469.
3469
Calculate the highest common factor of 1484553521 and 1826.
913
What is the greatest common divisor of 88 and 63519272?
8
Calculate the greatest common divisor of 2140 and 6778985.
535
What is the highest common divisor of 215064 and 311112?
2088
What is the highest common divisor of 286 and 6368582?
22
Calculate the highest common divisor of 140665 and 10485571.
4019
Calculate the highest common factor of 450 and 6403770.
90
What is the greatest common factor of 28395 and 319329?
9
Calculate the highest common divisor of 6358 and 8008462.
374
Calculate the highest common divisor of 1640787 and 127257.
753
Calculate the greatest common factor of 104818 and 616.
14
Calculate the greatest common factor of 176 and 633743.
11
What is the greatest common factor of 198 and 2159253?
9
What is the highest common divisor of 486 and 52399377?
9
What is the highest common divisor of 27904758 and 4956?
2478
What is the highest common factor of 3530732 and 2204?
76
Calculate the highest common divisor of 371160 and 11520.
360
Calculate the greatest common divisor of 60 and 81252870.
30
What is the highest common factor of 54 and 43295931?
27
What is the greatest common factor of 27677266 and 1598?
94
Calculate the greatest common divisor of 1344 and 22832.
16
Calculate the highest common factor of 11610 and 4529370.
30
What is the highest common factor of 5538 and 92586?
78
Calculate the highest common factor of 1504523 and 93.
31
What is the greatest common factor of 6896946 and 294?
294
Calculate the highest common divisor of 474 and 7669162.
158
Calculate the greatest common factor of 4602491 and 1671.
557
What is the highest common divisor of 107241405 and 33675?
6735
Calculate the greatest common factor of 180 and 885067740.
180
Calculate the highest common divisor of 3017131126 and 30988.
15494
Calculate the greatest common factor of 13737 and 28671.
57
Calculate the highest common divisor of 1026 and 5662.
38
What is the greatest common factor of 3192 and 28638092?
532
What is the greatest common factor of 6138304 and 192?
64
What is the greatest common divisor of 1282452 and 96?
12
What is the highest common divisor of 14001 and 1173069118?
4667
Calculate the highest common factor of 217134 and 78606.
18
What is the highest common factor of 51461827 and 1202?
601
What is the highest common factor of 106913 and 12597?
323
What is the highest common divisor of 22055605 and 14388?
1199
What is the highest common factor of 15727280 and 322480?
2320
What is the greatest common divisor of 3744 and 1310024?
8
What is the greatest common factor of 948519 and 27729?
117
Calculate the greatest common factor of 296479592 and 136.
136
Calculate the greatest common divisor of 74763195 and 780.
195
What is the highest common divisor of 33040 and 17617376?
112
What is the greatest common factor of 1185 and 2488335?
15
What is the greatest common divisor of 1458 and 35745786?
1458
Calculate the greatest common factor of 192761992 and 40.
8
What is the highest common factor of 13211248 and 1752?
584
Calculate the highest common factor of 23166 and 624.
78
Calculate the greatest common divisor of 671083 and 56.
7
What is the highest common factor of 12615149 and 2?
1
Calculate the greatest common divisor of 1508 and 37766874.
58
What is the greatest common factor of 112918764 and 3?
3
What is the highest common divisor of 91014038 and 318?
106
Calculate the greatest common factor of 271090 and 167.
1
What is the highest common divisor of 339784 and 1512?
8
What is the greatest common divisor of 196093 and 404676?
1249
Calculate the greatest common factor of 378 and 134780058.
378
What is the highest common divisor of 156 and 6112158?
78
What is the greatest common factor of 568858114 and 1122?
374
Calculate the highest common divisor of 5250 and 4668.
6
What is the highest common divisor of 18 and 1758067740?
18
Calculate the highest common divisor of 66887742 and 34683.
3153
Calculate the highest common divisor of 3285472 and 33864.
664
What is the highest common divisor of 2268596 and 329?
47
What is the greatest common divisor of 42 and 1222228?
14
Calculate the greatest common factor of 280 and 40097400.
280
What is the highest common factor of 30 and 12972330?
30
What is the highest common divisor of 2758 and 1370923?
197
What is the highest common factor of 864371 and 21768?
907
What is the highest common divisor of 50486180 and 20?
20
What is the greatest common divisor of 5275716 and 1066?
82
Calculate the highest common divisor of 186 and 275311186.
62
What is the greatest common divisor of 79163 and 217924?
301
Calculate the highest common factor of 5283951 and 1794.
69
What is the highest common factor of 4020 and 44580?
60
Calculate the highest common factor of 301995276 and 33.
33
Calculate the greatest common factor of 47136 and 4704.
96
Calculate the greatest common divisor of 30581 and 14257.
53
What is the highest common divisor of 928 and 66756840?
232
Calculate the highest common factor of 6528 and 7402344.
408
What is the greatest common divisor of 3177300 and 28934?
34
Calculate the highest common divisor of 10347 and 1222253171.
3449
What is the highest common divisor of 24 and 1723404?
12
Calculate the greatest common factor of 55930 and 8677480.
1190
What is the highest common divisor of 6837815 and 950?
95
Calculate the highest common divisor of 265536 and 267.
3
Calculate the highest common factor of 2491 and 437646281.
2491
Calculate the greatest common divisor of 19712 and 59444.
308
Calculate the greatest common factor of 518 and 445739.
259
What is the greatest common factor of 752 and 1379027?
47
What is the greatest common divisor of 749810 and 28130?
970
Calculate the highest common factor of 7210 and 336805.
35
Calculate the greatest common factor of 4079982 and 217557.
3153
Calculate the greatest common divisor of 806481396 and 441.
441
Calculate the highest common factor of 240701276 and 116.
116
What is the greatest common factor of 33070941 and 1035?
207
Calculate the highest common divisor of 16 and 1997350224.
16
What is the highest common factor of 64573928 and 424?
424
Calculate the highest common divisor of 1280042 and 943.
23
What is the greatest common factor of 81 and 39849651?
81
What is the greatest common factor of 6547536 and 144?
144
Calculate the highest common factor of 107849 and 33859.
49
What is the greatest common factor of 726 and 10490942?
242
What is the greatest common factor of 138507 and 115491?
411
What is the greatest common divisor of 2271 and 378498486?
2271
What is the highest common divisor of 197542 and 71896?
86
What is the highest common factor of 12978864 and 12352?
3088
What is the greatest common factor of 455781871 and 82?
41
Calculate the greatest common divisor of 1496 and 2499663408.
1496
Calculate the greatest common divisor of 39 and 59688044.
13
What is the highest common factor of 179972864 and 9728?
4864
Calculate the greatest common factor of 93424790 and 220.
10
Calculate the greatest common factor of 132470 